{"id":521,"date":"2017-09-22T16:15:25","date_gmt":"2017-09-22T20:15:52","guid":{"rendered":"http:\/\/www.coeuratomique.org\/canada\/?post_type=product&#038;p=521"},"modified":"2021-02-03T10:28:06","modified_gmt":"2021-02-03T15:28:06","slug":"cd-landscape-of-emergency-i","status":"publish","type":"product","link":"https:\/\/www.mineminerecords.com\/store\/product\/cd-landscape-of-emergency-i\/?lang=fr","title":{"rendered":"CD Landscape of Emergency &#8211; I"},"content":{"rendered":"<p>Il s&#8217;agit du premier album de la s\u00e9rie Landscape of Emergency, une charge contre les forces portant au silence et de l&#8217;indiff\u00e9rence.<\/p>\n<p><span lang=\"fr\">Liste des pi\u00e8ces<\/span>:<\/p>\n<ul>\n<li>Fail Safe<\/li>\n<li>Calutron<\/li>\n<li>Castle Bravo<\/li>\n<li>The Waste<\/li>\n<li>Berghof<\/li>\n<li>Green Run<\/li>\n<\/ul>\n<p>Pochette de carton \u00e9cologique<\/p>\n","protected":false},"excerpt":{"rendered":"<p>Il s&#8217;agit du premier album de la s\u00e9rie Landscape of Emergency, une charge contre les forces portant au silence et de l&#8217;indiff\u00e9rence. Liste des pi\u00e8ces: Fail Safe Calutron Castle Bravo The Waste Berghof Green Run Pochette de carton \u00e9cologique<\/p>\n","protected":false},"featured_media":520,"template":"","meta":[],"product_cat":[105],"product_tag":[],"class_list":{"0":"post-521","1":"product","2":"type-product","3":"status-publish","4":"has-post-thumbnail","6":"product_cat-cd-fr","7":"product_shipping_class-cd-fr","9":"first","10":"instock","11":"taxable","12":"shipping-taxable","13":"purchasable","14":"product-type-simple"},"_links":{"self":[{"href":"https:\/\/www.mineminerecords.com\/store\/wp-json\/wp\/v2\/product\/521","targetHints":{"allow":["GET"]}}],"collection":[{"href":"https:\/\/www.mineminerecords.com\/store\/wp-json\/wp\/v2\/product"}],"about":[{"href":"https:\/\/www.mineminerecords.com\/store\/wp-json\/wp\/v2\/types\/product"}],"wp:featuredmedia":[{"embeddable":true,"href":"https:\/\/www.mineminerecords.com\/store\/wp-json\/wp\/v2\/media\/520"}],"wp:attachment":[{"href":"https:\/\/www.mineminerecords.com\/store\/wp-json\/wp\/v2\/media?parent=521"}],"wp:term":[{"taxonomy":"product_cat","embeddable":true,"href":"https:\/\/www.mineminerecords.com\/store\/wp-json\/wp\/v2\/product_cat?post=521"},{"taxonomy":"product_tag","embeddable":true,"href":"https:\/\/www.mineminerecords.com\/store\/wp-json\/wp\/v2\/product_tag?post=521"}],"curies":[{"name":"wp","href":"https:\/\/api.w.org\/{rel}","templated":true}]}}