{"id":237,"date":"2017-01-01T16:31:06","date_gmt":"2017-01-01T21:31:06","guid":{"rendered":"http:\/\/www.coeuratomique.org\/wp\/shop\/castle-bravo\/"},"modified":"2021-02-03T11:04:28","modified_gmt":"2021-02-03T16:04:28","slug":"piece-musicale-castle-bravo","status":"publish","type":"product","link":"https:\/\/www.mineminerecords.com\/store\/product\/piece-musicale-castle-bravo\/?lang=fr","title":{"rendered":"Pi\u00e8ce Musicale Castle Bravo"},"content":{"rendered":"<p>Ic\u00f4ne du colonialisme et de l&#8217;imp\u00e9rialisme modernes, &#8220;Castle Bravo&#8221; illustre de mani\u00e8re ahurissante l&#8217;alliance command\u00e9e de la science et du militarisme sous couvert du secret d&#8217;\u00e9tat. L&#8217;entreprise de destruction et de contamination durable que sont les essais nucl\u00e9aires compte d&#8217;innombrables victimes qui parfois m\u00eame s&#8217;ignorent. En toute solidarit\u00e9? avec le peuple Marshallais et les victimes japonaises de cette trag\u00e9die.<\/p>\n<p>Format MP3 et FLAC<\/p>\n<audio class=\"wp-audio-shortcode\" id=\"audio-237-1\" preload=\"none\" style=\"width: 100%;\" controls=\"controls\"><source type=\"audio\/mpeg\" src=\"http:\/\/www.coeuratomique.org\/canada\/wp-content\/uploads\/2015\/11\/Castle_Bravo_preview.mp3?_=1\" \/><a href=\"http:\/\/www.coeuratomique.org\/canada\/wp-content\/uploads\/2015\/11\/Castle_Bravo_preview.mp3\">http:\/\/www.coeuratomique.org\/canada\/wp-content\/uploads\/2015\/11\/Castle_Bravo_preview.mp3<\/a><\/audio>\n","protected":false},"excerpt":{"rendered":"<p>Ic\u00f4ne du colonialisme et de l&#8217;imp\u00e9rialisme modernes, &#8220;Castle Bravo&#8221; illustre de mani\u00e8re ahurissante l&#8217;alliance command\u00e9e de la science et du militarisme sous couvert du secret d&#8217;\u00e9tat. L&#8217;entreprise de destruction et de contamination durable que sont les essais nucl\u00e9aires compte d&#8217;innombrables victimes qui parfois m\u00eame s&#8217;ignorent. En toute solidarit\u00e9? avec le peuple Marshallais et les victimes [&hellip;]<\/p>\n","protected":false},"featured_media":238,"template":"","meta":[],"product_cat":[48],"product_tag":[49,51,57],"class_list":{"0":"post-237","1":"product","2":"type-product","3":"status-publish","4":"has-post-thumbnail","6":"product_cat-telechargement","7":"product_tag-artiste","8":"product_tag-musique","9":"product_tag-trame-sonore","11":"first","12":"instock","13":"downloadable","14":"virtual","15":"sold-individually","16":"taxable","17":"purchasable","18":"product-type-simple"},"_links":{"self":[{"href":"https:\/\/www.mineminerecords.com\/store\/wp-json\/wp\/v2\/product\/237","targetHints":{"allow":["GET"]}}],"collection":[{"href":"https:\/\/www.mineminerecords.com\/store\/wp-json\/wp\/v2\/product"}],"about":[{"href":"https:\/\/www.mineminerecords.com\/store\/wp-json\/wp\/v2\/types\/product"}],"wp:featuredmedia":[{"embeddable":true,"href":"https:\/\/www.mineminerecords.com\/store\/wp-json\/wp\/v2\/media\/238"}],"wp:attachment":[{"href":"https:\/\/www.mineminerecords.com\/store\/wp-json\/wp\/v2\/media?parent=237"}],"wp:term":[{"taxonomy":"product_cat","embeddable":true,"href":"https:\/\/www.mineminerecords.com\/store\/wp-json\/wp\/v2\/product_cat?post=237"},{"taxonomy":"product_tag","embeddable":true,"href":"https:\/\/www.mineminerecords.com\/store\/wp-json\/wp\/v2\/product_tag?post=237"}],"curies":[{"name":"wp","href":"https:\/\/api.w.org\/{rel}","templated":true}]}}