{"id":2240,"date":"2025-01-11T22:17:54","date_gmt":"2025-01-12T03:17:54","guid":{"rendered":"https:\/\/www.mineminerecords.com\/store\/product\/alveol-an-angel-rat-demo-cd\/"},"modified":"2025-01-11T22:17:54","modified_gmt":"2025-01-12T03:17:54","slug":"alveol-an-angel-rat-demo-cd","status":"publish","type":"product","link":"https:\/\/www.mineminerecords.com\/store\/product\/alveol-an-angel-rat-demo-cd\/?lang=fr","title":{"rendered":"Alveol &#8211; An Angel Rat Demo &#8211; CD"},"content":{"rendered":"<p>Voivod<\/p>\n<p>In\u00e9dit, CD Digipak<br \/>\nEnregistr\u00e9, mix\u00e9 et masteris\u00e9 par Jean-Yves \u00ab Blacky \u00bb Th\u00e9riault<\/p>\n<p>\u00ab \u2018Alveol\u2019 est le titre provisoire que Denis \u2018Piggy\u2019 D\u2019amour et moi avons donner \u00e0 ce nouveau projet n\u00e9 en 1990. Cette ann\u00e9e-l\u00e0, d\u00e8s le d\u00e9but de l&#8217;\u00e9t\u00e9, on commence chacun de notre cot\u00e9 \u00e0 \u00e9crire la musique de ce qui deviendra l\u2019album Angel Rat de Vo\u00efvod. Piggy compose plusieurs riffs de guitare et con\u00e7oit une maquette de ses id\u00e9es. De mon c\u00f4t\u00e9, j&#8217;explore et cr\u00e9e des s\u00e9quences \u00e0 l\u2019aide d\u2019un \u00e9chantillonneur et je compose des lignes de basse pour former des structures musicales. \u00c0 chaque jour, nos recherches avancent. Le soir, on se rejoint \u2018au loft\u2019 pour r\u00e9unir nos id\u00e9es et poursuivre l&#8217;exploration \u00e0 deux. On d\u00e9cortique et rem\u00e2che tout \u00e7a de toutes les mani\u00e8res possibles et on monte le futur album pi\u00e8ce par pi\u00e8ce. Apr\u00e8s quelques mois de travail, on a plusieurs morceaux fin pr\u00eats \u00e0 \u00eatre arrang\u00e9s en groupe. C&#8217;est \u00e0 ce moment que Denis \u2018Snake\u2019 B\u00e9langer amorce l\u2019\u00e9criture des paroles et Michel \u2018Away\u2019 Langevin ajoute ses partitions \u00e0 la batterie. \u00c0 l&#8217;automne, on d\u00e9bute l&#8217;enregistrement du d\u00e9mo que nous terminons \u00e0 la fin d\u00e9cembre. Alveol prend forme et le groupe aura un nouvel album. \u00bb \u2013 Blacky<\/p>\n<p>Liste des pi\u00e8ces:<\/p>\n<ul>\n<li>Alveol<\/li>\n<li>Angel Rat<\/li>\n<li>Nomads<\/li>\n<li>Best Regard<\/li>\n<li>Freedoom<\/li>\n<li>Golem<\/li>\n<li>Nuage Fractal<\/li>\n<li>Panorama<\/li>\n<li>Come to my World<\/li>\n<li>The Prow<\/li>\n<li>None of the Above<\/li>\n<li>The Outcast<\/li>\n<li>Freedoom live<\/li>\n<\/ul>\n","protected":false},"excerpt":{"rendered":"<p>Voivod In\u00e9dit, CD Digipak Enregistr\u00e9, mix\u00e9 et masteris\u00e9 par Jean-Yves \u00ab Blacky \u00bb Th\u00e9riault \u00ab \u2018Alveol\u2019 est le titre provisoire que Denis \u2018Piggy\u2019 D\u2019amour et moi avons donner \u00e0 ce nouveau projet n\u00e9 en 1990. Cette ann\u00e9e-l\u00e0, d\u00e8s le d\u00e9but de l&#8217;\u00e9t\u00e9, on commence chacun de notre cot\u00e9 \u00e0 \u00e9crire la musique de ce qui [&hellip;]<\/p>\n","protected":false},"featured_media":2175,"template":"","meta":[],"product_cat":[105],"product_tag":[],"class_list":{"0":"post-2240","1":"product","2":"type-product","3":"status-publish","4":"has-post-thumbnail","6":"product_cat-cd-fr","7":"product_shipping_class-cd-fr","9":"first","10":"instock","11":"taxable","12":"shipping-taxable","13":"purchasable","14":"product-type-simple"},"_links":{"self":[{"href":"https:\/\/www.mineminerecords.com\/store\/wp-json\/wp\/v2\/product\/2240","targetHints":{"allow":["GET"]}}],"collection":[{"href":"https:\/\/www.mineminerecords.com\/store\/wp-json\/wp\/v2\/product"}],"about":[{"href":"https:\/\/www.mineminerecords.com\/store\/wp-json\/wp\/v2\/types\/product"}],"wp:featuredmedia":[{"embeddable":true,"href":"https:\/\/www.mineminerecords.com\/store\/wp-json\/wp\/v2\/media\/2175"}],"wp:attachment":[{"href":"https:\/\/www.mineminerecords.com\/store\/wp-json\/wp\/v2\/media?parent=2240"}],"wp:term":[{"taxonomy":"product_cat","embeddable":true,"href":"https:\/\/www.mineminerecords.com\/store\/wp-json\/wp\/v2\/product_cat?post=2240"},{"taxonomy":"product_tag","embeddable":true,"href":"https:\/\/www.mineminerecords.com\/store\/wp-json\/wp\/v2\/product_tag?post=2240"}],"curies":[{"name":"wp","href":"https:\/\/api.w.org\/{rel}","templated":true}]}}