{"id":2238,"date":"2025-01-11T22:09:59","date_gmt":"2025-01-12T03:09:59","guid":{"rendered":"https:\/\/www.mineminerecords.com\/store\/product\/periscope-nothingface-this-cd\/"},"modified":"2025-01-13T19:40:39","modified_gmt":"2025-01-14T00:40:39","slug":"periscope-nothingface-this-cd","status":"publish","type":"product","link":"https:\/\/www.mineminerecords.com\/store\/product\/periscope-nothingface-this-cd\/?lang=fr","title":{"rendered":"Periscope \u2013 NothingFace This &#8211; CD"},"content":{"rendered":"<p>Voivod<\/p>\n<p>In\u00e9dit \u2013 CD Digipak<br \/>\nEnregistr\u00e9, mix\u00e9 et masteris\u00e9 par Jean-Yves Th\u00e9riault<\/p>\n<p>Les Voivod au sommet de leur forme ! Periscope plonge t\u00eate premi\u00e8re dans l\u2019esprit de la pr\u00e9production de l\u2019album Nothingface paru en 1989. Le rythme est plus rapide, haletant, le son est plus lourd et grin\u00e7ant, l\u2019efficacit\u00e9 et la complexit\u00e9 des m\u00e9lodies jouxt\u00e9e \u00e0 la puissance de la voix de Denis B\u00e9langer, ses jeux de personnages et ses paroles originales in\u00e9dites font de Periscope une pi\u00e8ce d\u2019anthologie. C\u2019est cru, c\u2019est vivant, c\u2019est rafra\u00eechissant ! Nothingface this !<\/p>\n<p>Liste des pi\u00e8ces:<\/p>\n<ul>\n<li>The Unknown Knows<\/li>\n<li>Sub-Effect<\/li>\n<li>Nothingface<\/li>\n<li>Pre-Ignition<\/li>\n<li>Into My Hypercude<\/li>\n<li>X-Ray Mirror<\/li>\n<li>Inner Combustion<\/li>\n<li>Missing Sequences<\/li>\n<li>Outro<\/li>\n<li>Lord Weird<\/li>\n<li>Astro<\/li>\n<\/ul>\n<p><a href=\"https:\/\/www.mineminerecords.com\/store\/periscope_cat004_lyric-insert\/\">Paroles T\u00e9l\u00e9chargeables Ici<\/a><\/p>\n","protected":false},"excerpt":{"rendered":"<p>Voivod In\u00e9dit \u2013 CD Digipak Enregistr\u00e9, mix\u00e9 et masteris\u00e9 par Jean-Yves Th\u00e9riault Les Voivod au sommet de leur forme ! Periscope plonge t\u00eate premi\u00e8re dans l\u2019esprit de la pr\u00e9production de l\u2019album Nothingface paru en 1989. Le rythme est plus rapide, haletant, le son est plus lourd et grin\u00e7ant, l\u2019efficacit\u00e9 et la complexit\u00e9 des m\u00e9lodies jouxt\u00e9e [&hellip;]<\/p>\n","protected":false},"featured_media":2183,"template":"","meta":[],"product_cat":[105],"product_tag":[],"class_list":{"0":"post-2238","1":"product","2":"type-product","3":"status-publish","4":"has-post-thumbnail","6":"product_cat-cd-fr","7":"product_shipping_class-cd-fr","9":"first","10":"instock","11":"taxable","12":"shipping-taxable","13":"purchasable","14":"product-type-simple"},"_links":{"self":[{"href":"https:\/\/www.mineminerecords.com\/store\/wp-json\/wp\/v2\/product\/2238","targetHints":{"allow":["GET"]}}],"collection":[{"href":"https:\/\/www.mineminerecords.com\/store\/wp-json\/wp\/v2\/product"}],"about":[{"href":"https:\/\/www.mineminerecords.com\/store\/wp-json\/wp\/v2\/types\/product"}],"wp:featuredmedia":[{"embeddable":true,"href":"https:\/\/www.mineminerecords.com\/store\/wp-json\/wp\/v2\/media\/2183"}],"wp:attachment":[{"href":"https:\/\/www.mineminerecords.com\/store\/wp-json\/wp\/v2\/media?parent=2238"}],"wp:term":[{"taxonomy":"product_cat","embeddable":true,"href":"https:\/\/www.mineminerecords.com\/store\/wp-json\/wp\/v2\/product_cat?post=2238"},{"taxonomy":"product_tag","embeddable":true,"href":"https:\/\/www.mineminerecords.com\/store\/wp-json\/wp\/v2\/product_tag?post=2238"}],"curies":[{"name":"wp","href":"https:\/\/api.w.org\/{rel}","templated":true}]}}