{"id":2233,"date":"2025-01-11T21:35:42","date_gmt":"2025-01-12T02:35:42","guid":{"rendered":"https:\/\/www.mineminerecords.com\/store\/?post_type=product&#038;p=2233"},"modified":"2025-01-11T21:58:41","modified_gmt":"2025-01-12T02:58:41","slug":"live-a-st-romuald-2","status":"publish","type":"product","link":"https:\/\/www.mineminerecords.com\/store\/product\/live-a-st-romuald-2\/","title":{"rendered":"Live \u00e0 St-Romuald &#8211; CD"},"content":{"rendered":"<p>Voivod<\/p>\n<p>Previously unpublished &#8211; Double CD Digipak<\/p>\n<p>Recorded &#038; mixed live by Mike Amstadt<br \/>\nMastered by Jean-Yves Th\u00e9riault<\/p>\n<p>The first and last time Voivod did play in a bar! In 1986, Jean-Yves\u2019s brother Yvan proposes the band to play a series of shows in a bar owned by his fellow co-worker at the railway company Canadian National (CN). The bar owner offers them to play four nights in a row, from Thursday to Sunday. Jean-Yves tells the band\u2019s manager Maurice \u201cRocker\u201d Richard who came up the next day with more information: the shows will take place at Bar Rock Rive-Sud at St-Romuald (Quebec) from May 1st to May 4th. Usually at that time, bands in bars play 3 sets of 45 minutes each. After discussing among us, we decide to play 2 sets of 1 hour with an intermission. We consequently have to prepare a full 2 hours of live music. The show will include songs from our first two albums (War and Pain and Rrr\u00f6\u00f6\u00f6aaarrr) and from our forth coming Killing Technology album. Denis D\u2019amour and Michel Langevin will improvise a solo each. The group is then at a climax from rehearsing and composing every single day. A couple of weeks later, the band will start its first Canadian and American tour. All this energy and spirit can be heard in this double live CD.<\/p>\n<p>Song listing :<\/p>\n<p>CD 1<\/p>\n<ul>\n<li>Korgull The Exterminator<\/li>\n<li>Warriors of Ice<\/li>\n<li>Fuck Off and Die<\/li>\n<li>Live For Violence<\/li>\n<li>Blower<\/li>\n<li>Black City<\/li>\n<li>Voivod<\/li>\n<li>Helldriver<\/li>\n<li>Horror<\/li>\n<\/ul>\n<p>CD 2<\/p>\n<ul>\n<li>War and Pain<\/li>\n<li>Order of the Blackguards<\/li>\n<li>Slaughter in a Grave<\/li>\n<li>Suck Your Bone<\/li>\n<li>Build Your Weapons<\/li>\n<li>Irongang<\/li>\n<li>Killing Technology<\/li>\n<li>Nuclear War <\/li>\n<\/ul>\n","protected":false},"excerpt":{"rendered":"<p>Voivod Previously unpublished &#8211; Double CD Digipak Recorded &#038; mixed live by Mike Amstadt Mastered by Jean-Yves Th\u00e9riault The first and last time Voivod did play in a bar! In 1986, Jean-Yves\u2019s brother Yvan proposes the band to play a series of shows in a bar owned by his fellow co-worker at the railway company [&hellip;]<\/p>\n","protected":false},"featured_media":2198,"template":"","meta":[],"product_cat":[102],"product_tag":[],"class_list":{"0":"post-2233","1":"product","2":"type-product","3":"status-publish","4":"has-post-thumbnail","6":"product_cat-cd","7":"product_shipping_class-cd","9":"first","10":"instock","11":"taxable","12":"shipping-taxable","13":"purchasable","14":"product-type-simple"},"_links":{"self":[{"href":"https:\/\/www.mineminerecords.com\/store\/wp-json\/wp\/v2\/product\/2233","targetHints":{"allow":["GET"]}}],"collection":[{"href":"https:\/\/www.mineminerecords.com\/store\/wp-json\/wp\/v2\/product"}],"about":[{"href":"https:\/\/www.mineminerecords.com\/store\/wp-json\/wp\/v2\/types\/product"}],"wp:featuredmedia":[{"embeddable":true,"href":"https:\/\/www.mineminerecords.com\/store\/wp-json\/wp\/v2\/media\/2198"}],"wp:attachment":[{"href":"https:\/\/www.mineminerecords.com\/store\/wp-json\/wp\/v2\/media?parent=2233"}],"wp:term":[{"taxonomy":"product_cat","embeddable":true,"href":"https:\/\/www.mineminerecords.com\/store\/wp-json\/wp\/v2\/product_cat?post=2233"},{"taxonomy":"product_tag","embeddable":true,"href":"https:\/\/www.mineminerecords.com\/store\/wp-json\/wp\/v2\/product_tag?post=2233"}],"curies":[{"name":"wp","href":"https:\/\/api.w.org\/{rel}","templated":true}]}}