{"id":179,"date":"2017-02-07T14:07:09","date_gmt":"2017-02-07T19:07:09","guid":{"rendered":"http:\/\/www.coeuratomique.org\/wp\/shop\/landscape-of-emergency-chandail-unisexe\/"},"modified":"2021-02-03T10:51:14","modified_gmt":"2021-02-03T15:51:14","slug":"chandail-a-capuche-landscape-of-emergency","status":"publish","type":"product","link":"https:\/\/www.mineminerecords.com\/store\/product\/chandail-a-capuche-landscape-of-emergency\/?lang=fr","title":{"rendered":"Chandail \u00e0 capuche Landscape of Emergency"},"content":{"rendered":"<p>Unisexe. Imprim\u00e9 \u00e0 la main. Molletonn\u00e9 \u00e0 capuchon. Fermeture \u00e9clair. 50% coton \/ 50% polyester<\/p>\n","protected":false},"excerpt":{"rendered":"<p>Unisexe. Imprim\u00e9 \u00e0 la main. Molletonn\u00e9 \u00e0 capuchon. Fermeture \u00e9clair. 50% coton \/ 50% polyester<\/p>\n","protected":false},"featured_media":180,"template":"","meta":[],"product_cat":[47],"product_tag":[58,56],"class_list":{"0":"post-179","1":"product","2":"type-product","3":"status-publish","4":"has-post-thumbnail","6":"product_cat-vetements","7":"product_tag-chandail-fr","8":"product_tag-chandail-chaud","9":"product_shipping_class-vetements-1-fr","11":"first","12":"instock","13":"taxable","14":"shipping-taxable","15":"purchasable","16":"product-type-variable"},"_links":{"self":[{"href":"https:\/\/www.mineminerecords.com\/store\/wp-json\/wp\/v2\/product\/179","targetHints":{"allow":["GET"]}}],"collection":[{"href":"https:\/\/www.mineminerecords.com\/store\/wp-json\/wp\/v2\/product"}],"about":[{"href":"https:\/\/www.mineminerecords.com\/store\/wp-json\/wp\/v2\/types\/product"}],"wp:featuredmedia":[{"embeddable":true,"href":"https:\/\/www.mineminerecords.com\/store\/wp-json\/wp\/v2\/media\/180"}],"wp:attachment":[{"href":"https:\/\/www.mineminerecords.com\/store\/wp-json\/wp\/v2\/media?parent=179"}],"wp:term":[{"taxonomy":"product_cat","embeddable":true,"href":"https:\/\/www.mineminerecords.com\/store\/wp-json\/wp\/v2\/product_cat?post=179"},{"taxonomy":"product_tag","embeddable":true,"href":"https:\/\/www.mineminerecords.com\/store\/wp-json\/wp\/v2\/product_tag?post=179"}],"curies":[{"name":"wp","href":"https:\/\/api.w.org\/{rel}","templated":true}]}}