{"id":1504,"date":"2023-09-06T13:24:15","date_gmt":"2023-09-06T17:24:15","guid":{"rendered":"https:\/\/www.mineminerecords.com\/store\/?post_type=product&#038;p=1504"},"modified":"2025-01-11T22:01:22","modified_gmt":"2025-01-12T03:01:22","slug":"live-a-st-romuald","status":"publish","type":"product","link":"https:\/\/www.mineminerecords.com\/store\/product\/live-a-st-romuald\/","title":{"rendered":"Live \u00e0 St-Romuald &#8211; LP"},"content":{"rendered":"<p>Voivod<\/p>\n<p>Double LP<br \/>\nFirst pressing, Black Ice colored vinyl LP records<br \/>\nRecorded &#038; mixed live by Mike Amstadt<br \/>\nMastered by Jean-Yves Th\u00e9riault<\/p>\n<p>The first and last time Voivod did play in a bar! In 1986, Jean-Yves\u2019s brother Yvan proposes the band to play a series of shows in a bar owned by his fellow co-worker at the railway company Canadian National (CN). The bar owner offers them to play four nights in a row, from Thursday to Sunday. Jean-Yves tells the band\u2019s manager Maurice \u201cRocker\u201d Richard who came up the next day with more information: the shows will take place at Bar Rock Rive-Sud at St-Romuald (Quebec) from May 1st to May 4th. Usually at that time, bands in bars play 3 sets of 45 minutes each. After discussing among us, we decide to play 2 sets of 1 hour with an intermission. We consequently have to prepare a full 2 hours of live music. The show will include songs from our first two albums (War and Pain and Rrr\u00f6\u00f6\u00f6aaarrr) and from our forth coming Killing Technology album. Denis D\u2019amour and Michel Langevin will improvise a solo each. The group is then at a climax from rehearsing and composing every single day. A couple of weeks later, the band will start its first Canadian and American tour. All this energy and spirit can be heard in this double live album.<\/p>\n<p>song listing :<\/p>\n<ul>\n<li>Korgull The Exterminator<\/li>\n<li>Warriors of Ice<\/li>\n<li>\nFuck Off and Die<\/li>\n<li>\nLive For Violence<\/li>\n<li>\nBlower<\/li>\n<li>\nBlack City<\/li>\n<li>\nVoivod<\/li>\n<li>\nHelldriver<\/li>\n<li>\nHorror<\/li>\n<li>\nWar and Pain<\/li>\n<li>\nOrder of the Blackguards<\/li>\n<li>\nSlaughter in a Grave<\/li>\n<li>\nSuck Your Bone<\/li>\n<li>\nBuild Your Weapons<\/li>\n<li>\nIrongang<\/li>\n<li>\nKilling Technology<\/li>\n<li>\nNuclear War <\/li>\n<\/ul>\n","protected":false},"excerpt":{"rendered":"<p>Voivod Double LP First pressing, Black Ice colored vinyl LP records Recorded &#038; mixed live by Mike Amstadt Mastered by Jean-Yves Th\u00e9riault The first and last time Voivod did play in a bar! In 1986, Jean-Yves\u2019s brother Yvan proposes the band to play a series of shows in a bar owned by his fellow co-worker [&hellip;]<\/p>\n","protected":false},"featured_media":1507,"template":"","meta":[],"product_cat":[15],"product_tag":[],"class_list":{"0":"post-1504","1":"product","2":"type-product","3":"status-publish","4":"has-post-thumbnail","6":"product_cat-vinyl","7":"product_shipping_class-vinyl-2","9":"first","10":"instock","11":"taxable","12":"shipping-taxable","13":"purchasable","14":"product-type-simple"},"_links":{"self":[{"href":"https:\/\/www.mineminerecords.com\/store\/wp-json\/wp\/v2\/product\/1504","targetHints":{"allow":["GET"]}}],"collection":[{"href":"https:\/\/www.mineminerecords.com\/store\/wp-json\/wp\/v2\/product"}],"about":[{"href":"https:\/\/www.mineminerecords.com\/store\/wp-json\/wp\/v2\/types\/product"}],"wp:featuredmedia":[{"embeddable":true,"href":"https:\/\/www.mineminerecords.com\/store\/wp-json\/wp\/v2\/media\/1507"}],"wp:attachment":[{"href":"https:\/\/www.mineminerecords.com\/store\/wp-json\/wp\/v2\/media?parent=1504"}],"wp:term":[{"taxonomy":"product_cat","embeddable":true,"href":"https:\/\/www.mineminerecords.com\/store\/wp-json\/wp\/v2\/product_cat?post=1504"},{"taxonomy":"product_tag","embeddable":true,"href":"https:\/\/www.mineminerecords.com\/store\/wp-json\/wp\/v2\/product_tag?post=1504"}],"curies":[{"name":"wp","href":"https:\/\/api.w.org\/{rel}","templated":true}]}}