{"id":1517,"date":"2023-08-26T10:59:52","date_gmt":"2023-08-26T14:59:52","guid":{"rendered":"https:\/\/www.mineminerecords.com\/store\/?page_id=1517"},"modified":"2023-08-26T10:59:52","modified_gmt":"2023-08-26T14:59:52","slug":"notre-politique","status":"publish","type":"page","link":"https:\/\/www.mineminerecords.com\/store\/notre-politique\/?lang=fr","title":{"rendered":"Notre Politique"},"content":{"rendered":"<p>MineMineRecords.com accepte les retours de disques d\u00e9fectueux* dans les trente (30) jours suivants la r\u00e9ception du colis. Contactez-nous pour planifier le retour. Le remboursement sera fait selon votre m\u00e9thode de paiement initiale. Veuillez noter que nous n\u2019avons pas de pochette suppl\u00e9mentaire.<br \/>\n* Un disque d\u00e9fectueux ne joue pas, saute des plages ou est endommag\u00e9.<\/p>\n","protected":false},"excerpt":{"rendered":"<p>MineMineRecords.com accepte les retours de disques d\u00e9fectueux* dans les trente (30) jours suivants la r\u00e9ception du colis. Contactez-nous pour planifier le retour. Le remboursement sera fait selon votre m\u00e9thode de paiement initiale. Veuillez noter que nous n\u2019avons pas de pochette suppl\u00e9mentaire. * Un disque d\u00e9fectueux ne joue pas, saute des plages ou est endommag\u00e9.<\/p>\n","protected":false},"author":1,"featured_media":0,"parent":0,"menu_order":0,"comment_status":"closed","ping_status":"closed","template":"","meta":{"footnotes":""},"class_list":["post-1517","page","type-page","status-publish","hentry"],"_links":{"self":[{"href":"https:\/\/www.mineminerecords.com\/store\/wp-json\/wp\/v2\/pages\/1517","targetHints":{"allow":["GET"]}}],"collection":[{"href":"https:\/\/www.mineminerecords.com\/store\/wp-json\/wp\/v2\/pages"}],"about":[{"href":"https:\/\/www.mineminerecords.com\/store\/wp-json\/wp\/v2\/types\/page"}],"author":[{"embeddable":true,"href":"https:\/\/www.mineminerecords.com\/store\/wp-json\/wp\/v2\/users\/1"}],"replies":[{"embeddable":true,"href":"https:\/\/www.mineminerecords.com\/store\/wp-json\/wp\/v2\/comments?post=1517"}],"version-history":[{"count":1,"href":"https:\/\/www.mineminerecords.com\/store\/wp-json\/wp\/v2\/pages\/1517\/revisions"}],"predecessor-version":[{"id":1518,"href":"https:\/\/www.mineminerecords.com\/store\/wp-json\/wp\/v2\/pages\/1517\/revisions\/1518"}],"wp:attachment":[{"href":"https:\/\/www.mineminerecords.com\/store\/wp-json\/wp\/v2\/media?parent=1517"}],"curies":[{"name":"wp","href":"https:\/\/api.w.org\/{rel}","templated":true}]}}